5?
3
What is the millions digit of 4149304?
4
What is the hundreds digit of 10624685?
6
What is the hundreds digit of 268839?
8
What is the hundreds digit of 17766412?
4
What is the ten thousands digit of 421507?
2
What is the units digit of 1352206?
6
What is the tens digit of 92328?
2
What is the ten thousands digit of 414617?
1
What is the ten thousands digit of 2516428?
1
What is the hundred thousands digit of 282191?
2
What is the tens digit of 2042?
4
What is the units digit of 484106?
6
What is the tens digit of 1498223?
2
What is the tens digit of 8928395?
9
What is the ten thousands digit of 1058856?
5
What is the millions digit of 8848619?
8
What is the units digit of 3803731?
1
What is the thousands digit of 2640903?
0
What is the units digit of 4130070?
0
What is the hundreds digit of 248382?
3
What is the ten thousands digit of 1041490?
4
What is the hundreds digit of 2317?
3
What is the hundreds digit of 5598427?
4
What is the tens digit of 5687850?
5
What is the tens digit of 945359?
5
What is the tens digit of 427958?
5
What is the millions digit of 2792274?
2
What is the thousands digit of 2235044?
5
What is the tens digit of 102519?
1
What is the thousands digit of 549329?
9
What is the ten thousands digit of 2073105?
7
What is the thousands digit of 17347347?
7
What is the tens digit of 66428?
2
What is the ten thousands digit of 1191050?
9
What is the millions digit of 19810165?
9
What is the ten thousands digit of 153871?
5
What is the ten thousands digit of 708639?
0
What is the hundred thousands digit of 167747?
1
What is the tens digit of 2418092?
9
What is the hundreds digit of 159244?
2
What is the ten millions digit of 16121489?
1
What is the tens digit of 1756744?
4
What is the thousands digit of 763612?
3
What is the hundreds digit of 1476026?
0
What is the tens digit of 4541604?
0
What is the units digit of 11477222?
2
What is the units digit of 576968?
8
What is the thousands digit of 6127403?
7
What is the millions digit of 40121281?
0
What is the tens digit of 28328?
2
What is the thousands digit of 1407150?
7
What is the tens digit of 353864?
6
What is the millions digit of 18502242?
8
What is the thousands digit of 12775300?
5
What is the tens digit of 1296003?
0
What is the tens digit of 731401?
0
What is the millions digit of 7647185?
7
What is the thousands digit of 539176?
9
What is the thousands digit of 8258715?
8
What is the ten thousands digit of 2422145?
2
What is the ten thousands digit of 1178043?
7
What is the hundred thousands digit of 409692?
4
What is the thousands digit of 185078?
5
What is the hundred thousands digit of 223767?
2
What is the hundreds digit of 20234527?
5
What is the units digit of 338773?
3
What is the ten thousands digit of 12590146?
9
What is the hundred thousands digit of 25623864?
6
What is the units digit of 97606?
6
What is the hundred thousands digit of 3531321?
5
What is the ten thousands digit of 5508367?
0
What is the hundreds digit of 670443?
4
What is the ten millions digit of 36559978?
3
What is the hundreds digit of 188505?
5
What is the ten thousands digit of 5353917?
5
What is the units digit of 5368837?
7
What is the ten thousands digit of 1898243?
9
What is the thousands digit of 48390?
8
What is the hundreds digit of 431891?
8
What is the units digit of 52477?
7
What is the hundreds digit of 7580339?
3
What is the units digit of 112785?
5
What is the ten thousands digit of 164653?
6
What is the hundred thousands digit of 1894865?
8
What is the thousands digit of 2621745?
1
What is the tens digit of 7432735?
3
What is the units digit of 273464?
4
What is the millions digit of 6395394?
6
What is the units digit of 17236050?
0
What is the hundreds digit of 412579?
5
What is the hundreds digit of 770773?
7
What is the units digit of 3892688?
8
What is the ten thousands digit of 4793616?
9
What is the hundreds digit of 85916?
9
What is the ten thousands digit of 18668443?
6
What is the hundred thousands digit of 782608?
7
What is the units digit of 61532?
2
What is the thousands digit of 303849?
3
What is the hundreds digit of 2375244?
2
What is the hundred thousands digit of 170274?
1
What is the tens digit of 5717832?
3
What is the tens digit of 962566?
6
What is the hundreds digit of 84636?
6
What is the tens digit of 6813187?
8
What is the thousands digit of 411274?
1
What is the hundred thousands digit of 8537724?
5
What is the millions digit of 1037172?
1
What is the ten thousands digit of 2682511?
8
What is the tens digit of 4502521?
2
What is the units digit of 1878591?
1
What is the ten thousands digit of 196950?
9
What is the tens digit of 1526263?
6
What is the thousands digit of 5031417?
1
What is the hundreds digit of 31454?
4
What is the ten thousands digit of 179041?
7
What is the thousands digit of 605469?
5
What is the millions digit of 4119551?
4
What is the hundred thousands digit of 445661?
4
What is the millions digit of 18861123?
8
What is the hundred thousands digit of 16992122?
9
What is the units digit of 18994267?
7
What is the hundred thousands digit of 20283379?
2
What is the units digit of 418574?
4
What is the ten millions digit of 14012509?
1
What is the hundreds digit of 724010?
0
What is the hundreds digit of 6349262?
2
What is the hundred thousands digit of 2725464?
7
What is the tens digit of 530975?
7
What is the ten thousands digit of 1047506?
4
What is the ten thousands digit of 13889855?
8
What is the tens digit of 223990?
9
What is the tens digit of 533291?
9
What is the tens digit of 2107420?
2
What is the units digit of 4343985?
5
What is the hundred thousands digit of 21951652?
9
What is the thousands digit of 34571?
4
What is the millions digit of 3777392?
3
What is the units digit of 2605896?
6
What is the hundred thousands digit of 2079868?
0
What is the units digit of 183741?
1
What is the ten thousands digit of 2176790?
7
What is the ten thousands digit of 5134666?
3
What is the thousands digit of 882942?
2
What is the units digit of 3521786?
6
What is the tens digit of 66555?
5
What is the tens digit of 941826?
2
What is the hundreds digit of 8906993?
9
What is the hundred thousands digit of 21659173?
6
What is the hundreds digit of 17032?
0
What is the units digit of 353421?
1
What is the units digit of 446911?
1
What is the thousands digit of 482478?
2
What is the tens digit of 5969455?
5
What is the units digit of 217265?
5
What is the hundred thousands digit of 13858434?
8
What is the hundred thousands digit of 1485370?
4
What is the units digit of 265927?
7
What is the hundred thousands digit of 1145153?
1
What is the tens digit of 200232?
3
What is the hundreds digit of 620008?
0
What is the hundreds digit of 337681?
6
What is the units digit of 422783?
3
What is the tens digit of 58447?
4
What is the hundred thousands digit of 121885?
1
What is the hundreds digit of 326244?
2
What is the ten millions digit of 19454321?
1
What is the hundred thousands digit of 472855?
4
What is the hundred thousands digit of 671728?
6
What is the tens digit of 313402?
0
What is the units digit of 2313211?
1
What is the hundreds digit of 18291?
2
What is the units digit of 4726664?
4
What is the thousands digit of 160674?
0
What is the thousands digit of 2561755?
1
What is the thousands digit of 602886?
2
What is the units digit of 25942?
2
What is the hundreds digit of 17235590?
5
What is the ten thousands digit of 911240?
1
What is the tens digit of 627100?
0
What is the units digit of 13055186?
6
What is the units digit of 408940?
0
What is the units digit of 71760?
0
What is the thousands digit of 423440?
3
What is the tens digit of 8460545?
4
What is the thousands digit of 202470?
2
What is the thousands digit of 29582057?
2
What is the hundred thousands digit of 3576080?
5
What is the tens digit of 1476816?
1
What is the thousands digit of 556496?
6
What is the hundred thousands digit of 3135067?
1
What is the hundreds digit of 4396025?
0
What is the tens digit of 1715461?
6
What is the hundred thousands digit of 3841341?
8
What is the ten thousands digit of 3977110?
7
What is the tens digit of 855287?
8
What is the tens digit of 372620?
2
What is the hundreds digit of 398295?
2
What is the thousands digit of 54114